55. Let p be n(1). Calculate the highest common factor of p and 390.
30
Let a be (260/(-50))/((-4)/10). Suppose -10*i = 7 + a. Let r = i - -11. Calculate the highest common factor of r and 18.
9
Let l be 6 + -1 + 0 - (9 + -22). Let u be (((-84)/(-9))/7)/((-22)/(-297)). What is the highest common factor of l and u?
18
Suppose 2*a = 3*r - 19, -a - 3*r - 7 = -11. Let w be a - ((-24)/(-15))/((-12)/240). What is the highest common divisor of 108 and w?
27
Suppose -2*d + 17*d - 930 = 0. Suppose -2*t - 4*c = -58, -d = -3*t + c - 10. What is the greatest common factor of 3 and t?
1
Suppose -2*y + 5*t = -6366, -4*y + 12804 = -51*t + 53*t. Calculate the greatest common factor of 369 and y.
123
Let c be 0 - -1 - -8 - -1. Let s(u) = -3*u - 13. Let r be s(-6). Suppose -r*t - 5*m = -145, 3*m + 33 = -4*t + 5*t. What is the highest common factor of c and t?
10
Let c = 198 - 168. Let i be 142/8 - 1/(-4). Let j = c - i. Calculate the highest common factor of 96 and j.
12
Let w be (1 - -26) + (-9)/3. Let s be 6/(1 + -4) + 146. Let b be (s/(-84))/(1/(-7)). Calculate the highest common factor of w and b.
12
Suppose 0 = -212*o + 217*o + 15. Let f be (-2)/o + ((-12040)/(-12))/7. What is the highest common factor of 32 and f?
16
Let i = 5212 - -2423. What is the greatest common divisor of 30 and i?
15
Let p be ((-1564)/(-24))/((88/48)/11). Calculate the highest common divisor of 23 and p.
23
Let h(t) = -11*t + 1017. Let r be h(90). Calculate the greatest common divisor of 1125 and r.
9
Suppose -8*a = 11 - 43. Suppose 12*q - 4*o = 8*q + 420, a*q - 2*o = 420. Calculate the highest common factor of q and 35.
35
Suppose 135*t - 17982 - 6723 = 0. Calculate the greatest common divisor of t and 6.
3
Suppose 2*h + 3*z - 6 = 0, 2*z = h + 5*z. Let v(k) = 4*k - 6*k - h*k + k**2 + 10. Let c be v(7). What is the greatest common factor of 15 and c?
3
Let n(z) = 285*z - 1610. Let k be n(6). What is the greatest common factor of k and 525?
25
Suppose -l = -0 - 5. Suppose -16 = l*r - 1281. Let q(w) = 502*w + 19099. Let j be q(-38). Calculate the highest common factor of j and r.
23
Let l be (425 + 204/17)/(0 - -1). Calculate the greatest common divisor of l and 23.
23
Let i(f) = -f**3 + f**2 + f + 75. Let w be i(0). Let s(c) = -c**2 - 5*c + 28. Let r be s(11). Let m = r + 163. Calculate the highest common divisor of m and w.
15
Let h(u) = -9*u + 2. Let c be h(-1). Let v be 5327/15 - 24/180. Suppose 3*a - 36 + 127 = y, -4*y + 3*a + v = 0. Calculate the highest common divisor of c and y.
11
Suppose -2*l + 256 = -l. Let y = 14917 - 14901. Calculate the highest common divisor of y and l.
16
Suppose 5*s = 4*v - 8*v - 131, 2*s = 3*v - 57. Let o be (s/(-6))/((-3)/(-10)). Suppose l + 32 = 107. What is the greatest common factor of l and o?
15
Let o be (-168)/16*((-134)/(-14) - 1). Let m = o + 16. Let n = -54 - m. Calculate the greatest common factor of 160 and n.
20
Suppose 35*u - 972 = -45*u + 468. What is the highest common factor of 768 and u?
6
Let c = 7 + -80. Let u = 407 - c. Suppose 29*k = 24*k + u. What is the greatest common divisor of k and 12?
12
Let n be (-756963)/(-4077) - -1*(-1)/(-3). Calculate the highest common factor of 713 and n.
31
Let k(h) = 199*h**2 + 511*h + 26. Let s be k(-9). What is the greatest common divisor of 92 and s?
46
Let i = -45 + 84. Suppose 5*c = 8*c - 237. Suppose 150 = 3*q - 3*s, -2*q - 4*s + 33 = -c. Calculate the greatest common divisor of q and i.
13
Suppose -2*i - 3*i + 10 = 0. Suppose 0*h - 16 = 4*o - 4*h, -h = -i*o - 13. Let g(x) = -2*x - 7. Let z be g(o). What is the greatest common divisor of z and 1?
1
Let b(d) = -d**3 + 52*d**2 - 57*d + 345. Let i be b(51). Calculate the highest common divisor of 559 and i.
13
Suppose -3*o + 4*v = -51, -178 = -3*o - 5*v - 100. Let i(n) = -2*n - 9. Let h be i(-6). Suppose r + h = 2*r. Calculate the greatest common factor of o and r.
3
Let o be (9/6)/((-15)/(-80)). Suppose -3*z = 2*p - 44, 5*p - 64 + o = -3*z. Calculate the greatest common divisor of 48 and z.
12
Suppose 0 = 5*x - 41 - 29. Suppose 467*u - 264*u - 72471 = 0. Calculate the highest common divisor of u and x.
7
Let f = -333 - -420. Suppose -20*q + 23*q - f = 0. Calculate the greatest common divisor of 319 and q.
29
Let p(i) = 58*i - 6. Let o = 14 - 12. Suppose 0 - 6 = -o*z. Let l be p(z). What is the highest common divisor of l and 42?
42
Let u be (-6 - -81)*(-2)/(-6). Suppose 19*t - 3*t + 1856 = 0. Let x = t - -126. Calculate the highest common divisor of x and u.
5
Let d = 20695 - 20422. Calculate the greatest common factor of 9 and d.
3
Let a = 34533 - -10910. What is the greatest common factor of a and 29?
29
Suppose -2*i - 2*x + 16 = 0, -5*i + 102 = 4*x + 58. Let v be (-155)/(-6) + (62/i)/31. Calculate the greatest common factor of 117 and v.
13
Suppose 3638 + 5372 = -2*s - 2*v, -2*v = -4*s - 18002. Let i be (-34)/51 - s/3. Calculate the highest common factor of i and 12.
12
Suppose 240*d - 244*d + 532 = 2*m, -m + d = -245. Calculate the greatest common divisor of 980 and m.
28
Suppose -10*p = 36*p - 12*p - 4148. Calculate the highest common divisor of 2 and p.
2
Suppose h = -4*t + 30, -4*h - 6*t = -t - 65. Calculate the greatest common factor of h and 134.
2
Suppose -8*w + 17 - 1 = 0. Suppose -z - 5*j = -3*z + 22, w*z - 10 = -j. Let y be (1/3 - 1)/(z/(-198)). Calculate the greatest common factor of y and 66.
22
Let q = -3 - -4. Let a be 12/66 - ((-1040)/44)/2. Suppose 11*m = a*m - 2*n - 16, 4*n = -2*m. What is the greatest common divisor of q and m?
1
Suppose -5*z = -20, -65*m + 3176 = -61*m - 5*z. Let l be 1594/34 + 16/136. What is the greatest common divisor of l and m?
47
Let d be 1*2/3*33. Let q(f) = 147*f**2 - 33*f + 29. Let y be q(1). What is the highest common divisor of d and y?
11
Let x be 48/20 - (-2)/(-5). Let n(s) = 5*s + 93 - 8 - s. Let h be n(-21). Calculate the highest common divisor of x and h.
1
Let l be (8/(-5))/((-18)/2745). Let h = -219 + l. Let b(t) = 5*t. Let r be b(1). What is the highest common factor of h and r?
5
Let k = 6932 + -5140. Calculate the highest common divisor of 56 and k.
56
Suppose 2*k - 748 = -3*r + 15564, 0 = 5*r - 2*k - 27208. Suppose 1530 - r = -10*a. Calculate the greatest common factor of a and 23.
23
Suppose 35715 + 80533 = 287*q + 23547. What is the greatest common divisor of 55879 and q?
323
Suppose -3*f + 16 = 5*f. Suppose -4*a + f*r + 142 = 0, 5*a + 3*r - 2*r = 181. Let v be 74/8 - 3/12. What is the greatest common divisor of v and a?
9
Let a(t) = t**3 + 31*t**2 + 75*t + 23. Let j be a(-28). Calculate the greatest common divisor of j and 407.
11
Let j be ((-22)/2)/(24/(-168)). Suppose 0 = -j*c + 79*c - 14. Suppose 11 = 3*a - 2*o, -3*a + 0*a - 3*o = -36. Calculate the highest common factor of a and c.
7
Suppose 5*q = -32 + 167. Suppose q*v - 33*v = -54. Calculate the highest common divisor of 69 and v.
3
Suppose c - 548 = -n, -4*n = -2*c - 5*n + 1092. What is the highest common divisor of c and 884?
68
Suppose -593 = 27*p - 1133. What is the highest common divisor of p and 2490?
10
Suppose 15*v - 18*v - 96 = 0. Let n = v + 66. Let f(m) = m**2 - 4*m - 4. Let s be f(-3). Calculate the highest common factor of s and n.
17
Let r(w) = 378*w - 4470. Let d be r(12). Let n = 1450 + -724. Calculate the greatest common factor of n and d.
66
Suppose 28*f - 53*f + 225 = 0. What is the greatest common divisor of 1125 and f?
9
Suppose 22*c = 14120 + 55664. Calculate the greatest common divisor of c and 52.
52
Let x(g) = 4*g**2 - 411*g + 810. Let d be x(2). Calculate the highest common factor of 13012 and d.
4
Let z = 35 - 21. Suppose x - 3*a = -39 + 125, 0 = 4*x - 5*a - 372. Calculate the greatest common factor of z and x.
14
Let a = 29 - -5. Suppose 0 = -3*n + w + 13, 1 = -3*w + 2*w. Suppose n*x + 8 = -0*x, 2*s + 4*x - 162 = 0. Calculate the greatest common factor of a and s.
17
Suppose -125 = 8*m - 589. Let c = 262 + m. Calculate the highest common divisor of c and 40.
40
Let b be 4/6 - 15*266/(-171). Calculate the greatest common divisor of b and 2520.
24
Let a = -11934 - -13742. Calculate the highest common factor of a and 16.
16
Let r(w) = -w**3 + 35*w**2 + w - 34. Let f be r(35). Let n be (-18466)/(-49) - f*2/(-14). What is the highest common factor of n and 26?
13
Suppose 4*o - 8*o = y + 14, 4*y +